{"id":142,"date":"2021-04-23T13:11:34","date_gmt":"2021-04-23T13:11:34","guid":{"rendered":"https:\/\/signformecfs.de\/?page_id=142"},"modified":"2021-11-06T07:18:17","modified_gmt":"2021-11-06T07:18:17","slug":"mitzeichnen","status":"publish","type":"page","link":"https:\/\/signformecfs.de\/?page_id=142","title":{"rendered":"Mitzeichnen"},"content":{"rendered":"\n<p><strong>Eine Mitzeichnung unserer Petition ist sowohl elektronisch \u00fcber das Internet wie auch per Post bzw. Fax m\u00f6glich.<\/strong><\/p>\n\n\n\n<h1 id=\"online\"><\/h1><br><br>\n\n\n\n<h2 class=\"wp-block-heading\">Online-Mitzeichnung<\/h2>\n\n\n\n<p>Die Unterst\u00fctzung auf elektronischem Wege erfolgt \u00fcber die Internetplattform des Petitionsausschusses des Deutschen Bundestages, die \u00fcber diese Adresse zu erreichen ist:<\/p>\n\n\n\n<div class=\"wp-block-buttons is-layout-flex wp-block-buttons-is-layout-flex\">\n<div class=\"wp-block-button\"><a class=\"wp-block-button__link\" href=\"https:\/\/epetitionen.bundestag.de\/\" target=\"_blank\" rel=\"noreferrer noopener\">epetitionen.bundestag.de<\/a><\/div>\n<\/div>\n\n\n\n<p><strong>Dort ist eine Registrierung erforderlich. Danach kann im \u201ePetitions-Forum\u201c unsere Petition unter der ID-Nr. 122600 gefunden und durch Klick auf die Schaltfl\u00e4che \u201ePetition mitzeichnen\u201c unterst\u00fctzt werden. Der gesamte Prozess nimmt nur wenige Minuten in Anspruch!<\/strong><\/p>\n\n\n\n<p>Vor allem wenn zuvor schon eine Registrierung f\u00fcr das Petitionsportal des Deutschen Bundestages erfolgt ist, kann unsere Petition dort am einfachsten \u00fcber diesen <strong>Direkt-Link<\/strong> gefunden werden:<\/p>\n\n\n\n<div class=\"wp-block-buttons is-layout-flex wp-block-buttons-is-layout-flex\">\n<div class=\"wp-block-button\"><a class=\"wp-block-button__link\" href=\"https:\/\/epetitionen.bundestag.de\/petitionen\/_2021\/_04\/_09\/Petition_122600.%24%24%24.a.u.html\" target=\"_blank\" rel=\"noreferrer noopener\">Direkt-Link zur SIGNforMECFS-Petition<\/a><\/div>\n<\/div>\n\n\n\n<br>\n\n\n\n<p>Eine ausf\u00fchrliche Schritt-f\u00fcr-Schritt-Anleitung zur Online-Mitzeichnung unserer Petition \u00fcber die Webseite des Bundestages gibt es an dieser Stelle:<\/p>\n\n\n\n<div class=\"wp-block-buttons is-layout-flex wp-block-buttons-is-layout-flex\">\n<div class=\"wp-block-button\"><a class=\"wp-block-button__link\" href=\"https:\/\/signformecfs.de\/?page_id=224\">Ausf\u00fchrliche Anleitung<\/a><\/div>\n<\/div>\n\n\n\n<h1 id=\"post\"><\/h1><br><br>\n\n\n\n<h2 class=\"wp-block-heading\">Mitzeichnung per Post oder Fax<\/h2>\n\n\n\n<p>Ferner kann eine Mitzeichnung unserer Petition auch per Post oder Telefax erfolgen. Wir empfehlen hierf\u00fcr die Verwendung unserer Unterschriftenlisten (siehe unten).<\/p>\n\n\n\n<p><strong>Nach Abschluss der Eintragungen m\u00fcssen die Listen im Original an den Petitionsausschuss \u00fcbersendet werden<\/strong> (dabei gen\u00fcgt die Einsendung der Listen, insbesondere der im pdf-Dokument enthaltene Text unserer Petition braucht also nicht beigef\u00fcgt zu werden). Wichtig: <strong>Die Listen m\u00fcssen dem Deutschen Bundestag vor dem Ende der Mitzeichnungsfrist am 09.11.2021 um 23:59 Uhr zugehen.<\/strong> Daher bitten wir darum, einen f\u00fcr die Postlaufzeit ausreichenden Zeitpuffer einzuplanen und die Listen wenigstens drei Werktage vor Fristende abzusenden. Bei Einsendung aus dem Ausland kann sich die Postlaufzeit verl\u00e4ngern und es kann daher ein noch gr\u00f6\u00dferer Zeitpuffer erforderlich sein.<\/p>\n\n\n\n<p><span style=\"text-decoration: underline\" class=\"underline\">Bitte beachten<\/span>: Die Einsendung der Unterschriftenlisten in Kopie oder als eingescanntes Dokument per E-Mail ist leider <strong><em>nicht <\/em><\/strong>ausreichend!<\/p>\n\n\n\n<p>Die Einsendung der Listen erfolgt an folgende <strong>Postanschrift<\/strong>:<\/p>\n\n\n\n<p><strong>Deutscher Bundestag<br><\/strong>Sekretariat des Petitionsausschusses<br>Platz der Republik 1<br><strong>11011 Berlin<\/strong><\/p>\n\n\n\n<p>Alternativ kann die Einsendung per <strong>Telefax <\/strong>bis zum Ende der Mitzeichnungsfrist \u00fcber diese Nummer erfolgen:<\/p>\n\n\n\n<p><strong>(0049) (0)30 \/ 227-36053 <\/strong><\/p>\n\n\n\n<h1 id=\"downloads\"><\/h1>\n\n\n\n<p><strong>Zus\u00e4tzlich w\u00fcrden wir uns bei Einsendung einer oder mehrerer Liste(n) auf dem Postweg oder per Fax sehr dar\u00fcber freuen, wenn wir eine kurze Nachricht \u00fcber die Anzahl der eingesendeten Unterschriften per E-Mail an <a href=\"mailto:info@signformecfs.de\">info@signformecfs.de<\/a> erhalten w\u00fcrden. <\/strong>Dies ist aber selbstverst\u00e4ndlich absolut freiwillig und insbesondere keine Voraussetzung f\u00fcr die Wirksamkeit der Mitzeichnung unserer Petition. Alle an uns eingesendeten Daten werden vertraulich behandelt, nur f\u00fcr den Zweck verwendet, uns einen statistischen \u00dcberblick \u00fcber den Stand der Mitzeichnungen zu verschaffen und werden sp\u00e4testens sechs Monate nach Zusendung gel\u00f6scht. Bitte beachten Sie auch unsere <a href=\"https:\/\/signformecfs.de\/?page_id=3\">Datenschutzerkl\u00e4rung<\/a>.<\/p>\n\n\n\n<br>\n\n\n\n<p><strong>Downloads<\/strong>:<\/p>\n\n\n\n<p><strong><a rel=\"noreferrer noopener\" href=\"https:\/\/www.signformecfs.de\/downloads\/signformecfs-unterschriftenliste-de-02-druckerfreundlich.pdf\" target=\"_blank\">Unterschriftenliste<\/a><br><\/strong><a rel=\"noreferrer noopener\" href=\"https:\/\/www.signformecfs.de\/downloads\/signformecfs-handout-de-03-druckerfreundlich.pdf\" target=\"_blank\">Unsere Petition als Handout<\/a> (jetzt mit QR-Codes)<a rel=\"noreferrer noopener\" href=\"https:\/\/www.signformecfs.de\/downloads\/signformecfs-handout-de-02-druckerfreundlich.pdf\" target=\"_blank\"><br><\/a><a rel=\"noreferrer noopener\" href=\"https:\/\/www.signformecfs.de\/downloads\/signformecfs-handoutkurz-de-04-druckerfreundlich.pdf\" target=\"_blank\">Kurzes Informations-Handout \u00fcber ME\/CFS<\/a> (jetzt mit QR-Codes)<a rel=\"noreferrer noopener\" href=\"https:\/\/www.signformecfs.de\/downloads\/signformecfs-handoutkurz-de-03-druckerfreundlich.pdf\" target=\"_blank\"><br><\/a><a rel=\"noreferrer noopener\" href=\"https:\/\/www.signformecfs.de\/downloads\/signformecfs-informationenzurmitzeichnung-de-02-druckerfreundlich.pdf\" target=\"_blank\">Merkblatt zur Mitzeichnung per Post oder Fax<\/a><br><strong><a rel=\"noreferrer noopener\" href=\"http:\/\/www.signformecfs.de\/downloads\/signformecfs-faltflyer-de-01.pdf\" target=\"_blank\">Faltflyer zum Ausdrucken<\/a><\/strong> (NEU! Bitte beachten: Beim Ausdrucken <strong>an der kurzen Seite spiegeln<\/strong>.)<a rel=\"noreferrer noopener\" href=\"https:\/\/www.signformecfs.de\/downloads\/signformecfs-informationenzurmitzeichnung-de-02-druckerfreundlich.pdf\" target=\"_blank\"><br><\/a><strong><a rel=\"noreferrer noopener\" href=\"https:\/\/www.signformecfs.de\/downloads\/signformecfs-unterschriftenliste-en-02-printerfriendly.pdf\" target=\"_blank\">Unterschriftenliste (englische Version)<br><\/a><\/strong><a rel=\"noreferrer noopener\" href=\"https:\/\/www.signformecfs.de\/downloads\/signformecfs-handout-en-02-printerfriendly.pdf\" target=\"_blank\">Unsere Petition als Handout (englische Version)<\/a><\/p>\n\n\n\n<h1 id=\"petenten\"><\/h1><br><br>\n\n\n\n<h2 class=\"wp-block-heading\">Wer darf die Petition mitzeichnen?<\/h2>\n\n\n\n<p>Eine wichtige Frage ist nat\u00fcrlich auch, wer sich \u00fcberhaupt von Rechts wegen an unserer Petition beteiligen kann. Die gute Nachricht dazu in einem Satz: <strong>Nahezu alle Menschen weltweit d\u00fcrfen die Petition mitzeichnen!<\/strong><\/p>\n\n\n\n<p>Insbesondere kommt es <em>nicht<\/em> auf eine deutsche Staatsangeh\u00f6rigkeit oder auf einen Wohnsitz in Deutschland an. Somit k\u00f6nnen sich also <strong>ME\/CFS-Betroffene und ihre Unterst\u00fctzer aus aller Welt<\/strong> daf\u00fcr einsetzen, dass auch Deutschland in Zukunft einen gr\u00f6\u00dferen Beitrag zur Erforschung dieser Krankheit leistet.<\/p>\n\n\n\n<p>Ferner ist f\u00fcr eine Mitzeichnung keine Gesch\u00e4ftsf\u00e4higkeit vorausgesetzt. Das bedeutet, dass etwa <strong>auch<\/strong> <strong>Minderj\u00e4hrige<\/strong> die Petition unterst\u00fctzen d\u00fcrfen, sofern sie in der Lage sind, Bedeutung und Inhalt unserer Forderungen zu begreifen.<\/p>\n\n\n\n<p>Selbstverst\u00e4ndlich kann die Petition aber von jeder Person nur einmal mitgezeichnet werden, also entweder auf elektronischem Weg oder per Post\/Fax.<\/p>\n","protected":false},"excerpt":{"rendered":"<p>Eine Mitzeichnung unserer Petition ist sowohl elektronisch \u00fcber das Internet wie auch per Post bzw. Fax m\u00f6glich. Online-Mitzeichnung Die Unterst\u00fctzung auf elektronischem Wege erfolgt \u00fcber die Internetplattform des Petitionsausschusses des Deutschen Bundestages, die \u00fcber diese Adresse zu erreichen ist: Dort ist eine Registrierung erforderlich. Danach kann im \u201ePetitions-Forum\u201c unsere Petition unter der ID-Nr. 122600 gefunden&hellip; <br \/> <a class=\"read-more\" href=\"https:\/\/signformecfs.de\/?page_id=142\">Weiterlesen<\/a><\/p>\n","protected":false},"author":1,"featured_media":0,"parent":0,"menu_order":0,"comment_status":"closed","ping_status":"closed","template":"","meta":{"footnotes":""},"class_list":["post-142","page","type-page","status-publish","hentry"],"_links":{"self":[{"href":"https:\/\/signformecfs.de\/index.php?rest_route=\/wp\/v2\/pages\/142","targetHints":{"allow":["GET"]}}],"collection":[{"href":"https:\/\/signformecfs.de\/index.php?rest_route=\/wp\/v2\/pages"}],"about":[{"href":"https:\/\/signformecfs.de\/index.php?rest_route=\/wp\/v2\/types\/page"}],"author":[{"embeddable":true,"href":"https:\/\/signformecfs.de\/index.php?rest_route=\/wp\/v2\/users\/1"}],"replies":[{"embeddable":true,"href":"https:\/\/signformecfs.de\/index.php?rest_route=%2Fwp%2Fv2%2Fcomments&post=142"}],"version-history":[{"count":65,"href":"https:\/\/signformecfs.de\/index.php?rest_route=\/wp\/v2\/pages\/142\/revisions"}],"predecessor-version":[{"id":675,"href":"https:\/\/signformecfs.de\/index.php?rest_route=\/wp\/v2\/pages\/142\/revisions\/675"}],"wp:attachment":[{"href":"https:\/\/signformecfs.de\/index.php?rest_route=%2Fwp%2Fv2%2Fmedia&parent=142"}],"curies":[{"name":"wp","href":"https:\/\/api.w.org\/{rel}","templated":true}]}}