{"id":153,"date":"2021-04-23T13:27:40","date_gmt":"2021-04-23T13:27:40","guid":{"rendered":"https:\/\/signformecfs.de\/?page_id=153"},"modified":"2021-10-28T18:38:02","modified_gmt":"2021-10-28T18:38:02","slug":"mithelfen","status":"publish","type":"page","link":"https:\/\/signformecfs.de\/?page_id=153","title":{"rendered":"Mithelfen"},"content":{"rendered":"\n<p>Damit unsere Petition zu einem Erfolg wird und sie insbesondere das Quorum von 50.000 Stimmen erreicht, sind wir dringend auf Mithilfe angewiesen! Neben der eigenen <a href=\"https:\/\/signformecfs.de\/?page_id=142\">Mitzeichnung<\/a> unserer Petition <strong>bitten wir darum, m\u00f6glichst viele weitere Kontakte \u00fcber das Projekt SIGNforMECFS zu informieren und um Unterst\u00fctzung zu bitten!<\/strong> Als Anregung und Hilfestellung hierzu sollen die folgenden Punkte dienen.<\/p>\n\n\n\n<h1 id=\"socialmedia\"><\/h1><br><br>\n\n\n\n<h2 class=\"wp-block-heading\">\u00d6ffentliche Verbreitung \u00fcber Social Media<\/h2>\n\n\n\n<p>Eine erste M\u00f6glichkeit zur Unterst\u00fctzung unserer Petition besteht nat\u00fcrlich darin, die Kampagne und diese Webseite \u00fcber Social Media-Postings zu verbreiten. Wer dazu keinen eigenen Beitrag formulieren mag, kann gerne auf unserer Tweets bzw. Beitr\u00e4ge zur\u00fcckgreifen und diese verbreiten:<\/p>\n\n\n\n<p>Unsere Facebook-Seite: <a href=\"https:\/\/www.facebook.com\/signformecfs\" target=\"_blank\" rel=\"noreferrer noopener\">https:\/\/www.facebook.com\/signformecfs<\/a><\/p>\n\n\n\n<p><strong><em>Weitere <\/em><\/strong><em><strong>Links zu Social-Media-Beitr\u00e4gen werden an dieser Stelle zeitnah erg\u00e4nzt.<\/strong><\/em><\/p>\n\n\n\n<h1 id=\"mail\"><\/h1><br><br>\n\n\n\n<h2 class=\"wp-block-heading\">Direktnachrichten an eigene Kontakte via Mail oder Social Media<\/h2>\n\n\n\n<p>Eine weitere M\u00f6glichkeit, unsere ME\/CFS-Petition bekannt zu machen, sind z.&nbsp;B. pers\u00f6nliche Nachrichten an eigene Kontakte. Auch hier gilt: Wer keinen vollst\u00e4ndig eigenen Text formulieren mag, kann sich gerne bei dieser Vorlage bedienen.<\/p>\n\n\n\n<blockquote class=\"wp-block-quote is-layout-flow wp-block-quote-is-layout-flow\"><p><span style=\"color:#000000\" class=\"tadv-color\">Liebe Freundin\/lieber Freund,<\/span><\/p><p><span style=\"color:#000000\" class=\"tadv-color\">f\u00fcr die rund 250.000 in Deutschland an ME\/CFS erkrankten Menschen gibt es derzeit keine Forschung, keine Therapie, keine \u00e4rztliche Versorgung und auch sonst keine Hilfe. Diese Krankheit bricht meistens nach Virusinfektionen aus und kann vermutlich jeden treffen. Eine Gruppe Betroffener hat daher eine an den Deutschen Bundestag gerichtete Petition gestartet. Wenn es bis zum 09.11.2021 gelingt, sogar 50.000 unterst\u00fctzende Unterschriften zu sammeln, gew\u00e4hrt der Petitionsausschuss des Deutschen Bundestages eine \u00f6ffentliche Anh\u00f6rung. Das w\u00e4re eine einmalige Gelegenheit, die Bundestagsabgeordneten auf die verzweifelte Lage der Betroffenen aufmerksam zu machen und so endlich eine Verbesserung der Situation herbeizuf\u00fchren. Aber auch sonst tr\u00e4gt jede einzelne Stimme dazu bei, diesen wichtigen Anliegen Geh\u00f6r zu verschaffen.<\/span><\/p><p><span style=\"color:#000000\" class=\"tadv-color\">Daher bitte ich Dich, diese Petition (ID 122600) ebenfalls zu unterst\u00fctzen und vielleicht auch andere Menschen auf diese M\u00f6glichkeit hinzuweisen und um Unterst\u00fctzung zu bitten. Eine Mitzeichnung ist bis zum 09.11.2021 sowohl online \u00fcber die Internetplattform des Deutschen Bundestages wie auch \u00fcber Unterschriftenlisten m\u00f6glich.<\/span><\/p><p><span style=\"color:#000000\" class=\"tadv-color\">Die Internetplattform des Deutschen Bundestages ist \u00fcber diese Adresse zu erreichen: https:\/\/epetitionen.bundestag.de<\/span><\/p><p><span style=\"color:#000000\" class=\"tadv-color\">Weitere Informationen \u00fcber die Petition sowie \u00fcber M\u00f6glichkeiten zur Mitzeichnung und Unterst\u00fctzung gibt es auf dieser Webseite: https:\/\/www.SIGNforMECFS.de<\/span><\/p><p><span style=\"color:#000000\" class=\"tadv-color\">Vielen Dank und herzliche Gr\u00fc\u00dfe<\/span><\/p><\/blockquote>\n\n\n\n<p><strong>Update<\/strong>: Unsere kreativen und unerm\u00fcdlichen Unterst\u00fctzer haben auch schon viele eigene Texte verfasst, mit denen Freunde, Bekannte und Angeh\u00f6rige \u00fcber unsere SIGNforMECFS-Petition informiert und zum Mithelfen aufgefordert werden. Herzlichen Dank daf\u00fcr! <a rel=\"noreferrer noopener\" href=\"https:\/\/twitter.com\/TilmanAndris\/status\/1451947686270230533\" target=\"_blank\">An dieser Stelle<\/a> wurde auf Twitter ein besonders gelungenes und ausf\u00fchrliches Beispiel geteilt, das wir daher auch als <a rel=\"noreferrer noopener\" href=\"https:\/\/www.signformecfs.de\/downloads\/signformecfs-vorlage-email.pdf\" target=\"_blank\"><strong>Vorlage<\/strong> zum Download anbieten (pdf)<\/a>.<\/p>\n\n\n\n<br><br>\n\n\n\n<h2 class=\"wp-block-heading\">Videos<\/h2>\n\n\n\n<p>Zur Unterst\u00fctzung unseres Petitionsprojekts #SIGNforMECFS sind in der Zwischenzeit schon einige Videos entstanden \u2013 teilweise von uns produziert, teilweise aber auch von anderen. Diese d\u00fcrfen gerne genutzt werden, um #SIGNforMECFS zu bewerben und um Unterschriften f\u00fcr unsere Petition 122600 an den Deutschen Bundestag zu sammeln.<\/p>\n\n\n\n<p><strong>Die Videos zu unserem Projekt sind gesammelt auf unserem #SIGNforMECFS&nbsp;<a rel=\"noreferrer noopener\" href=\"https:\/\/www.youtube.com\/channel\/UCfxtwuDSwJUHNwcyrPmSJxg\" target=\"_blank\">YouTube-Kanal<\/a>&nbsp;zu finden.<\/strong> Dar\u00fcber hinaus binden wir einzelne Videos auch direkt auf unserer Webseite ein: Mehr dazu unter <strong><a href=\"https:\/\/signformecfs.de\/?page_id=585\">Videos<\/a><\/strong>.<\/p>\n\n\n\n<h1 id=\"listen\"><\/h1><br><br>\n\n\n\n<h2 class=\"wp-block-heading\">Unterschriftenlisten<\/h2>\n\n\n\n<p>Schlie\u00dflich sei noch einmal auf unsere Unterschriftenlisten und Faltflyer hingewiesen. Deren Einsatz bietet sich vor allem bei Personen an, f\u00fcr die eine Online-Mitzeichnung aus z.\u00a0B. technischen Gr\u00fcnden nicht in Betracht kommt.<\/p>\n\n\n\n<p>Ganz besonders w\u00fcrden wir uns nat\u00fcrlich freuen, wenn unsere <strong><a rel=\"noreferrer noopener\" href=\"https:\/\/www.signformecfs.de\/downloads\/signformecfs-unterschriftenliste-de-02-druckerfreundlich.pdf\" target=\"_blank\">Unterschriftenlisten<\/a><\/strong> oder unsere <strong><a href=\"http:\/\/www.signformecfs.de\/downloads\/signformecfs-faltflyer-de-01.pdf\" target=\"_blank\" rel=\"noreferrer noopener\">Faltflyer<\/a><\/strong> an geeigneten Orten ausgelegt werden k\u00f6nnten. Wer hat es z.\u00a0B. als ME\/CFS-Betroffene(r) noch nicht erlebt, dass jemand sagt: \u201eWenn ich nur etwas tun k\u00f6nnte!\u201c Genau das ist nun mit einer Unterst\u00fctzung der Petition der Fall! Eine Idee k\u00f6nnte etwa sein, sich bei der eigenen Hausarztpraxis zu erkundigen, ob unsere Petition im Wartezimmer ausgelegt werden k\u00f6nnte. Bitte nicht vergessen: <strong>Die Unterschriftenlisten m\u00fcssen im Original und fristgerecht dem Petitionsaussschuss zugeschickt werden!<\/strong> <\/p>\n\n\n\n<p><a href=\"https:\/\/signformecfs.de\/?page_id=142#post\">Hier haben wir n\u00e4here <strong>Informationen zur Mitzeichnung auf dem Postweg<\/strong> zusammengestellt.<br><\/a><a href=\"https:\/\/signformecfs.de\/?page_id=142#downloads\">Hier k\u00f6nnen die <strong>Unterschriftenlisten und weiteres Informationsmaterial<\/strong> heruntergeladen werden.<\/a><\/p>\n","protected":false},"excerpt":{"rendered":"<p>Damit unsere Petition zu einem Erfolg wird und sie insbesondere das Quorum von 50.000 Stimmen erreicht, sind wir dringend auf Mithilfe angewiesen! Neben der eigenen Mitzeichnung unserer Petition bitten wir darum, m\u00f6glichst viele weitere Kontakte \u00fcber das Projekt SIGNforMECFS zu informieren und um Unterst\u00fctzung zu bitten! Als Anregung und Hilfestellung hierzu sollen die folgenden Punkte&hellip; <br \/> <a class=\"read-more\" href=\"https:\/\/signformecfs.de\/?page_id=153\">Weiterlesen<\/a><\/p>\n","protected":false},"author":1,"featured_media":0,"parent":0,"menu_order":0,"comment_status":"closed","ping_status":"closed","template":"","meta":{"footnotes":""},"class_list":["post-153","page","type-page","status-publish","hentry"],"_links":{"self":[{"href":"https:\/\/signformecfs.de\/index.php?rest_route=\/wp\/v2\/pages\/153","targetHints":{"allow":["GET"]}}],"collection":[{"href":"https:\/\/signformecfs.de\/index.php?rest_route=\/wp\/v2\/pages"}],"about":[{"href":"https:\/\/signformecfs.de\/index.php?rest_route=\/wp\/v2\/types\/page"}],"author":[{"embeddable":true,"href":"https:\/\/signformecfs.de\/index.php?rest_route=\/wp\/v2\/users\/1"}],"replies":[{"embeddable":true,"href":"https:\/\/signformecfs.de\/index.php?rest_route=%2Fwp%2Fv2%2Fcomments&post=153"}],"version-history":[{"count":28,"href":"https:\/\/signformecfs.de\/index.php?rest_route=\/wp\/v2\/pages\/153\/revisions"}],"predecessor-version":[{"id":607,"href":"https:\/\/signformecfs.de\/index.php?rest_route=\/wp\/v2\/pages\/153\/revisions\/607"}],"wp:attachment":[{"href":"https:\/\/signformecfs.de\/index.php?rest_route=%2Fwp%2Fv2%2Fmedia&parent=153"}],"curies":[{"name":"wp","href":"https:\/\/api.w.org\/{rel}","templated":true}]}}